e greatest common factor of 1881 and 99.
99
Calculate the greatest common divisor of 126 and 168.
42
Calculate the greatest common factor of 88 and 192.
8
What is the greatest common divisor of 24 and 1608?
24
What is the highest common factor of 180 and 396?
36
What is the greatest common factor of 44 and 11066?
22
Calculate the highest common divisor of 1181 and 6.
1
What is the greatest common divisor of 14 and 42?
14
Calculate the highest common factor of 90 and 270.
90
Calculate the highest common divisor of 826 and 574.
14
Calculate the highest common divisor of 209 and 57.
19
Calculate the greatest common factor of 27711 and 18.
9
What is the highest common divisor of 72 and 2331?
9
Calculate the highest common divisor of 56 and 8036.
28
Calculate the highest common factor of 9 and 11061.
9
What is the greatest common factor of 7953 and 33?
33
Calculate the highest common divisor of 187 and 357.
17
Calculate the greatest common divisor of 429 and 297.
33
Calculate the highest common factor of 320 and 40.
40
What is the greatest common divisor of 1445 and 425?
85
Calculate the highest common factor of 32 and 1160.
8
Calculate the highest common factor of 144 and 3096.
72
Calculate the highest common factor of 470 and 40.
10
What is the greatest common factor of 55 and 22?
11
Calculate the greatest common divisor of 76 and 4.
4
What is the highest common divisor of 34 and 8483?
17
Calculate the highest common divisor of 580 and 2770.
10
Calculate the highest common divisor of 300 and 180.
60
What is the highest common factor of 19 and 1007?
19
What is the highest common divisor of 36 and 72?
36
Calculate the highest common divisor of 1 and 255.
1
What is the greatest common divisor of 504 and 232?
8
Calculate the greatest common factor of 117 and 624.
39
Calculate the highest common factor of 9 and 261.
9
Calculate the highest common factor of 2520 and 35.
35
What is the greatest common divisor of 170 and 240?
10
What is the highest common factor of 60 and 132?
12
What is the highest common divisor of 80 and 88?
8
Calculate the highest common factor of 30 and 1090.
10
What is the highest common factor of 2783 and 46?
23
What is the highest common factor of 3625 and 29?
29
Calculate the highest common factor of 69 and 667.
23
What is the greatest common factor of 87 and 1943?
29
Calculate the highest common factor of 3875 and 31.
31
Calculate the highest common factor of 305 and 15.
5
What is the highest common divisor of 28 and 2506?
14
What is the highest common divisor of 2 and 11?
1
What is the greatest common factor of 560 and 4270?
70
What is the highest common factor of 396 and 57?
3
Calculate the highest common factor of 60 and 33780.
60
What is the greatest common divisor of 800 and 350?
50
What is the highest common divisor of 11505 and 585?
195
Calculate the greatest common factor of 98 and 448.
14
What is the greatest common divisor of 1342 and 44?
22
What is the highest common divisor of 264 and 616?
88
What is the highest common divisor of 234 and 144?
18
Calculate the highest common factor of 22457 and 17.
17
What is the highest common divisor of 880 and 55?
55
What is the greatest common factor of 6275 and 753?
251
What is the greatest common divisor of 224 and 14?
14
What is the greatest common factor of 1 and 882?
1
Calculate the greatest common factor of 5 and 145.
5
Calculate the highest common factor of 1722 and 714.
42
What is the greatest common factor of 130 and 520?
130
Calculate the greatest common factor of 77 and 44.
11
Calculate the highest common divisor of 1141 and 21.
7
Calculate the highest common divisor of 231 and 651.
21
What is the greatest common divisor of 143 and 13?
13
Calculate the greatest common factor of 784 and 4144.
112
Calculate the greatest common factor of 50 and 160.
10
Calculate the greatest common divisor of 40 and 1016.
8
What is the highest common divisor of 1584 and 304?
16
What is the greatest common divisor of 18 and 144?
18
Calculate the highest common divisor of 632 and 79.
79
Calculate the greatest common factor of 21 and 56.
7
Calculate the greatest common divisor of 250 and 10.
10
Calculate the highest common factor of 54 and 8064.
18
What is the greatest common factor of 54 and 414?
18
What is the greatest common factor of 84 and 392?
28
What is the highest common divisor of 9641 and 31?
31
What is the greatest common factor of 39 and 201?
3
Calculate the greatest common factor of 354 and 2301.
177
What is the highest common factor of 4220 and 12?
4
What is the greatest common factor of 56 and 1946?
14
What is the highest common factor of 3971 and 44?
11
Calculate the greatest common divisor of 2368 and 96.
32
What is the highest common factor of 92 and 8?
4
Calculate the highest common factor of 512 and 24.
8
Calculate the greatest common divisor of 190 and 250.
10
What is the greatest common factor of 31 and 899?
31
Calculate the highest common divisor of 378 and 186.
6
Calculate the greatest common factor of 115 and 2645.
115
What is the highest common divisor of 60 and 447?
3
Calculate the greatest common factor of 2337 and 9.
3
Calculate the greatest common divisor of 2967 and 345.
69
What is the greatest common factor of 525 and 210?
105
Calculate the highest common divisor of 55874 and 182.
182
What is the highest common divisor of 2535 and 75?
15
Calculate the highest common factor of 664 and 56.
8
Calculate the highest common divisor of 444 and 24.
12
Calculate the greatest common divisor of 1090 and 327.
109
What is the greatest common factor of 33 and 803?
11
Calculate the greatest common divisor of 1254 and 528.
66
What is the greatest common factor of 57 and 3?
3
What is the greatest common divisor of 68 and 306?
34
Calculate the greatest common divisor of 38 and 1102.
38
Calculate the greatest common divisor of 11 and 1947.
11
Calculate the highest common factor of 40 and 70.
10
Calculate the highest common factor of 736 and 138.
46
Calculate the greatest common factor of 195 and 130.
65
What is the greatest common factor of 2679 and 19?
19
Calculate the highest common factor of 69 and 851.
23
What is the greatest common factor of 180 and 3540?
60
Calculate the greatest common factor of 48 and 264.
24
What is the highest common factor of 703 and 296?
37
What is the highest common divisor of 6 and 366?
6
Calculate the highest common factor of 104 and 130.
26
What is the greatest common factor of 90 and 20?
10
What is the greatest common factor of 707 and 2222?
101
Calculate the highest common divisor of 16 and 10.
2
What is the highest common divisor of 97 and 776?
97
What is the greatest common divisor of 876 and 36?
12
What is the greatest common factor of 40 and 9?
1
What is the highest common factor of 50 and 49125?
25
Calculate the greatest common divisor of 168 and 10164.
84
What is the greatest common divisor of 6969 and 276?
69
Calculate the highest common factor of 2560 and 130.
10
What is the greatest common factor of 1950 and 1248?
78
What is the greatest common factor of 304 and 3572?
76
Calculate the highest common divisor of 591 and 12.
3
Calculate the highest common divisor of 30 and 105.
15
What is the greatest common factor of 25 and 725?
25
What is the highest common divisor of 25 and 11965?
5
Calculate the greatest common factor of 18 and 171.
9
Calculate the greatest common divisor of 657 and 73.
73
What is the greatest common divisor of 1850 and 40?
10
What is the highest common factor of 37 and 999?
37
Calculate the greatest common divisor of 7 and 896.
7
What is the greatest common factor of 140 and 770?
70
Calculate the greatest common divisor of 608 and 114.
38
What is the highest common factor of 10 and 1510?
10
Calculate the greatest common factor of 33 and 1551.
33
What is the greatest common factor of 304 and 323?
19
What is the greatest common factor of 55 and 25?
5
Calculate the greatest common factor of 1144 and 1573.
143
What is the highest common factor of 20 and 500?
20
Calculate the highest common divisor of 1845 and 2091.
123
What is the greatest common factor of 1911 and 39?
39
Calculate the highest common factor of 994 and 14.
14
Calculate the greatest common divisor of 2739 and 66.
33
What is the greatest common factor 